{"id":48639,"date":"2025-06-02T14:26:45","date_gmt":"2025-06-02T12:26:45","guid":{"rendered":"https:\/\/hyllancompany.com\/?post_type=product&#038;p=48639"},"modified":"2025-06-02T14:26:45","modified_gmt":"2025-06-02T12:26:45","slug":"eau-de-cologne-baby-juan","status":"publish","type":"product","link":"https:\/\/hyllancompany.com\/index.php\/produit\/eau-de-cologne-baby-juan\/","title":{"rendered":"EAU DE COLOGNE BABY JUAN"},"content":{"rendered":"<p>Conditionnement : 300ml<\/p>\n<p>Description : Pour une peau de b\u00e9b\u00e9 douce et propre, optez pour l\u2019eau de Cologne BABY JUAN. Elle apporte au b\u00e9b\u00e9 fraicheur et propret\u00e9 tout au long de la journ\u00e9e.<\/p>\n<p>Composition : Eau hydro alcoolis\u00e9e parfum\u00e9e \u00e0 37%, hydrolat de Cymbopogon citratus, hydrolat de Syzygium aromaticum<\/p>\n<p>Mode d\u2019emploi : Conseil d\u2019utilisation \/ how to use: Appliquer de l&#8217;eau de Cologne BABY JUAN sur les zones pulsatiles du corps Recommandation Usage externe uniquement Tenir hors de port\u00e9e des enfants \u00c9viter tout contact avec les yeux<\/p>\n<p>Caracteristique : NETTOIE -HYDRATE -PROTEGE<\/p>\n<p>Prix : 2 000 FCFA<\/p>\n","protected":false},"excerpt":{"rendered":"<p>Conditionnement : 300ml Description : Pour une peau de b\u00e9b\u00e9 douce et propre, optez pour l\u2019eau de Cologne BABY JUAN. Elle apporte au b\u00e9b\u00e9 fraicheur et propret\u00e9 tout au long de la journ\u00e9e. Composition : Eau hydro alcoolis\u00e9e parfum\u00e9e \u00e0 37%, hydrolat de Cymbopogon citratus, hydrolat de Syzygium aromaticum Mode d\u2019emploi : Conseil d\u2019utilisation \/ [&hellip;]<\/p>\n","protected":false},"featured_media":48640,"comment_status":"open","ping_status":"closed","template":"","meta":[],"product_brand":[],"product_cat":[175,164],"product_tag":[],"class_list":{"0":"post-48639","1":"product","2":"type-product","3":"status-publish","4":"has-post-thumbnail","6":"product_cat-corps","7":"product_cat-produit-pour-bebe","10":"first","11":"instock","12":"shipping-taxable","13":"purchasable","14":"product-type-simple"},"_links":{"self":[{"href":"https:\/\/hyllancompany.com\/index.php\/wp-json\/wp\/v2\/product\/48639","targetHints":{"allow":["GET"]}}],"collection":[{"href":"https:\/\/hyllancompany.com\/index.php\/wp-json\/wp\/v2\/product"}],"about":[{"href":"https:\/\/hyllancompany.com\/index.php\/wp-json\/wp\/v2\/types\/product"}],"replies":[{"embeddable":true,"href":"https:\/\/hyllancompany.com\/index.php\/wp-json\/wp\/v2\/comments?post=48639"}],"version-history":[{"count":1,"href":"https:\/\/hyllancompany.com\/index.php\/wp-json\/wp\/v2\/product\/48639\/revisions"}],"predecessor-version":[{"id":48641,"href":"https:\/\/hyllancompany.com\/index.php\/wp-json\/wp\/v2\/product\/48639\/revisions\/48641"}],"wp:featuredmedia":[{"embeddable":true,"href":"https:\/\/hyllancompany.com\/index.php\/wp-json\/wp\/v2\/media\/48640"}],"wp:attachment":[{"href":"https:\/\/hyllancompany.com\/index.php\/wp-json\/wp\/v2\/media?parent=48639"}],"wp:term":[{"taxonomy":"product_brand","embeddable":true,"href":"https:\/\/hyllancompany.com\/index.php\/wp-json\/wp\/v2\/product_brand?post=48639"},{"taxonomy":"product_cat","embeddable":true,"href":"https:\/\/hyllancompany.com\/index.php\/wp-json\/wp\/v2\/product_cat?post=48639"},{"taxonomy":"product_tag","embeddable":true,"href":"https:\/\/hyllancompany.com\/index.php\/wp-json\/wp\/v2\/product_tag?post=48639"}],"curies":[{"name":"wp","href":"https:\/\/api.w.org\/{rel}","templated":true}]}}