{"id":48653,"date":"2025-06-02T14:43:51","date_gmt":"2025-06-02T12:43:51","guid":{"rendered":"https:\/\/hyllancompany.com\/?post_type=product&#038;p=48653"},"modified":"2025-06-02T14:43:51","modified_gmt":"2025-06-02T12:43:51","slug":"shampooing-baby-juan","status":"publish","type":"product","link":"https:\/\/hyllancompany.com\/index.php\/produit\/shampooing-baby-juan\/","title":{"rendered":"SHAMPOOING BABY JUAN"},"content":{"rendered":"<div>Conditionnement : 250ml<\/div>\n<div><\/div>\n<div>Description : Le shampooing d\u00e9m\u00ealant et nourrissant BABY JUAN est sp\u00e9cialement con\u00e7u pour laver d\u00e9licatement les cheveux fragiles des b\u00e9b\u00e9s<\/div>\n<div><\/div>\n<div>Composition : Eau purifi\u00e9e, huile de noix de coco, huile d\u2019avocat, Huile essentielle Ocimum basilicum, huile essentielle d\u2019Allium cepa, hydroxyde de potassium, parfum, acide citrique<\/div>\n<div><\/div>\n<div>Mode d\u2019emploi : Appliquer un peu de shampooing sur les cheveux pr\u00e9alablement mouill\u00e9s et masser l\u00e9g\u00e8rement pour faire mousser. Puis rincer abondamment \u00e0 l&#8217;eau.<\/div>\n<div>Recommandation : Usage externe uniquement Tenir hors de port\u00e9e des enfants \u00c9viter tout contact avec les yeux<\/div>\n<div>Caracteristique : NETTOIE -HYDRATE -PROTEGE<\/div>\n<div><\/div>\n<div>Prix : 2 300 FCFA<\/div>\n","protected":false},"excerpt":{"rendered":"<p>Conditionnement : 250ml Description : Le shampooing d\u00e9m\u00ealant et nourrissant BABY JUAN est sp\u00e9cialement con\u00e7u pour laver d\u00e9licatement les cheveux fragiles des b\u00e9b\u00e9s Composition : Eau purifi\u00e9e, huile de noix de coco, huile d\u2019avocat, Huile essentielle Ocimum basilicum, huile essentielle d\u2019Allium cepa, hydroxyde de potassium, parfum, acide citrique Mode d\u2019emploi : Appliquer un peu de [&hellip;]<\/p>\n","protected":false},"featured_media":48654,"comment_status":"open","ping_status":"closed","template":"","meta":[],"product_brand":[],"product_cat":[177,164],"product_tag":[],"class_list":{"0":"post-48653","1":"product","2":"type-product","3":"status-publish","4":"has-post-thumbnail","6":"product_cat-cheveux","7":"product_cat-produit-pour-bebe","10":"first","11":"instock","12":"shipping-taxable","13":"purchasable","14":"product-type-simple"},"_links":{"self":[{"href":"https:\/\/hyllancompany.com\/index.php\/wp-json\/wp\/v2\/product\/48653","targetHints":{"allow":["GET"]}}],"collection":[{"href":"https:\/\/hyllancompany.com\/index.php\/wp-json\/wp\/v2\/product"}],"about":[{"href":"https:\/\/hyllancompany.com\/index.php\/wp-json\/wp\/v2\/types\/product"}],"replies":[{"embeddable":true,"href":"https:\/\/hyllancompany.com\/index.php\/wp-json\/wp\/v2\/comments?post=48653"}],"version-history":[{"count":1,"href":"https:\/\/hyllancompany.com\/index.php\/wp-json\/wp\/v2\/product\/48653\/revisions"}],"predecessor-version":[{"id":48655,"href":"https:\/\/hyllancompany.com\/index.php\/wp-json\/wp\/v2\/product\/48653\/revisions\/48655"}],"wp:featuredmedia":[{"embeddable":true,"href":"https:\/\/hyllancompany.com\/index.php\/wp-json\/wp\/v2\/media\/48654"}],"wp:attachment":[{"href":"https:\/\/hyllancompany.com\/index.php\/wp-json\/wp\/v2\/media?parent=48653"}],"wp:term":[{"taxonomy":"product_brand","embeddable":true,"href":"https:\/\/hyllancompany.com\/index.php\/wp-json\/wp\/v2\/product_brand?post=48653"},{"taxonomy":"product_cat","embeddable":true,"href":"https:\/\/hyllancompany.com\/index.php\/wp-json\/wp\/v2\/product_cat?post=48653"},{"taxonomy":"product_tag","embeddable":true,"href":"https:\/\/hyllancompany.com\/index.php\/wp-json\/wp\/v2\/product_tag?post=48653"}],"curies":[{"name":"wp","href":"https:\/\/api.w.org\/{rel}","templated":true}]}}