{"id":48656,"date":"2025-06-02T14:48:25","date_gmt":"2025-06-02T12:48:25","guid":{"rendered":"https:\/\/hyllancompany.com\/?post_type=product&#038;p=48656"},"modified":"2025-06-02T14:48:25","modified_gmt":"2025-06-02T12:48:25","slug":"lotion-juan-3ieme-age","status":"publish","type":"product","link":"https:\/\/hyllancompany.com\/index.php\/produit\/lotion-juan-3ieme-age\/","title":{"rendered":"Lotion juan 3i\u00e8me \u00e2ge"},"content":{"rendered":"<p>Conditionnement : 60 ml<\/p>\n<p>Composition : B\u00e9ta-ocim\u00e8ne 1,78%, Eug\u00e9nol, Alcool monoterpinique 3,36%, Flavono\u00efde 4,2%<\/p>\n<p>Caracteristique : Att\u00e9nue les rides r\u00e9pare les d\u00e9sordres pigmentaires, \u00e9claircit uniform\u00e9ment<\/p>\n<p>Prix : 1 500 FCFA<\/p>\n","protected":false},"excerpt":{"rendered":"<p>Conditionnement : 60 ml Composition : B\u00e9ta-ocim\u00e8ne 1,78%, Eug\u00e9nol, Alcool monoterpinique 3,36%, Flavono\u00efde 4,2% Caracteristique : Att\u00e9nue les rides r\u00e9pare les d\u00e9sordres pigmentaires, \u00e9claircit uniform\u00e9ment Prix : 1 500 FCFA<\/p>\n","protected":false},"featured_media":48657,"comment_status":"open","ping_status":"closed","template":"","meta":[],"product_brand":[],"product_cat":[165,171],"product_tag":[],"class_list":{"0":"post-48656","1":"product","2":"type-product","3":"status-publish","4":"has-post-thumbnail","6":"product_cat-produits-pour-visage","7":"product_cat-soins-anti-age","10":"first","11":"instock","12":"shipping-taxable","13":"purchasable","14":"product-type-simple"},"_links":{"self":[{"href":"https:\/\/hyllancompany.com\/index.php\/wp-json\/wp\/v2\/product\/48656","targetHints":{"allow":["GET"]}}],"collection":[{"href":"https:\/\/hyllancompany.com\/index.php\/wp-json\/wp\/v2\/product"}],"about":[{"href":"https:\/\/hyllancompany.com\/index.php\/wp-json\/wp\/v2\/types\/product"}],"replies":[{"embeddable":true,"href":"https:\/\/hyllancompany.com\/index.php\/wp-json\/wp\/v2\/comments?post=48656"}],"version-history":[{"count":1,"href":"https:\/\/hyllancompany.com\/index.php\/wp-json\/wp\/v2\/product\/48656\/revisions"}],"predecessor-version":[{"id":48658,"href":"https:\/\/hyllancompany.com\/index.php\/wp-json\/wp\/v2\/product\/48656\/revisions\/48658"}],"wp:featuredmedia":[{"embeddable":true,"href":"https:\/\/hyllancompany.com\/index.php\/wp-json\/wp\/v2\/media\/48657"}],"wp:attachment":[{"href":"https:\/\/hyllancompany.com\/index.php\/wp-json\/wp\/v2\/media?parent=48656"}],"wp:term":[{"taxonomy":"product_brand","embeddable":true,"href":"https:\/\/hyllancompany.com\/index.php\/wp-json\/wp\/v2\/product_brand?post=48656"},{"taxonomy":"product_cat","embeddable":true,"href":"https:\/\/hyllancompany.com\/index.php\/wp-json\/wp\/v2\/product_cat?post=48656"},{"taxonomy":"product_tag","embeddable":true,"href":"https:\/\/hyllancompany.com\/index.php\/wp-json\/wp\/v2\/product_tag?post=48656"}],"curies":[{"name":"wp","href":"https:\/\/api.w.org\/{rel}","templated":true}]}}