{"id":48659,"date":"2025-06-02T14:51:22","date_gmt":"2025-06-02T12:51:22","guid":{"rendered":"https:\/\/hyllancompany.com\/?post_type=product&#038;p=48659"},"modified":"2025-06-02T14:51:22","modified_gmt":"2025-06-02T12:51:22","slug":"savon-juan-3-e-age","status":"publish","type":"product","link":"https:\/\/hyllancompany.com\/index.php\/produit\/savon-juan-3-e-age\/","title":{"rendered":"Savon juan 3 \u00e8 Age"},"content":{"rendered":"<div>Conditionnement : 145 g<\/div>\n<div><\/div>\n<div>Composition : huiles riches en acides gras satur\u00e9s e t plus particuli\u00e8rement les acides caprylique et caprique issus des huiles de coco qui apportent douceur et souplesse \u00e0 la peau<\/div>\n<div><\/div>\n<div>Caract\u00e9ristique : Eclaircissant et gommant<\/div>\n<div><\/div>\n<div>Prix : 1 100 FCFA<\/div>\n","protected":false},"excerpt":{"rendered":"<p>Conditionnement : 145 g Composition : huiles riches en acides gras satur\u00e9s e t plus particuli\u00e8rement les acides caprylique et caprique issus des huiles de coco qui apportent douceur et souplesse \u00e0 la peau Caract\u00e9ristique : Eclaircissant et gommant Prix : 1 100 FCFA<\/p>\n","protected":false},"featured_media":48660,"comment_status":"open","ping_status":"closed","template":"","meta":[],"product_brand":[],"product_cat":[165,171],"product_tag":[],"class_list":{"0":"post-48659","1":"product","2":"type-product","3":"status-publish","4":"has-post-thumbnail","6":"product_cat-produits-pour-visage","7":"product_cat-soins-anti-age","10":"first","11":"instock","12":"shipping-taxable","13":"purchasable","14":"product-type-simple"},"_links":{"self":[{"href":"https:\/\/hyllancompany.com\/index.php\/wp-json\/wp\/v2\/product\/48659","targetHints":{"allow":["GET"]}}],"collection":[{"href":"https:\/\/hyllancompany.com\/index.php\/wp-json\/wp\/v2\/product"}],"about":[{"href":"https:\/\/hyllancompany.com\/index.php\/wp-json\/wp\/v2\/types\/product"}],"replies":[{"embeddable":true,"href":"https:\/\/hyllancompany.com\/index.php\/wp-json\/wp\/v2\/comments?post=48659"}],"version-history":[{"count":2,"href":"https:\/\/hyllancompany.com\/index.php\/wp-json\/wp\/v2\/product\/48659\/revisions"}],"predecessor-version":[{"id":48663,"href":"https:\/\/hyllancompany.com\/index.php\/wp-json\/wp\/v2\/product\/48659\/revisions\/48663"}],"wp:featuredmedia":[{"embeddable":true,"href":"https:\/\/hyllancompany.com\/index.php\/wp-json\/wp\/v2\/media\/48660"}],"wp:attachment":[{"href":"https:\/\/hyllancompany.com\/index.php\/wp-json\/wp\/v2\/media?parent=48659"}],"wp:term":[{"taxonomy":"product_brand","embeddable":true,"href":"https:\/\/hyllancompany.com\/index.php\/wp-json\/wp\/v2\/product_brand?post=48659"},{"taxonomy":"product_cat","embeddable":true,"href":"https:\/\/hyllancompany.com\/index.php\/wp-json\/wp\/v2\/product_cat?post=48659"},{"taxonomy":"product_tag","embeddable":true,"href":"https:\/\/hyllancompany.com\/index.php\/wp-json\/wp\/v2\/product_tag?post=48659"}],"curies":[{"name":"wp","href":"https:\/\/api.w.org\/{rel}","templated":true}]}}