{"id":48671,"date":"2025-06-02T15:02:49","date_gmt":"2025-06-02T13:02:49","guid":{"rendered":"https:\/\/hyllancompany.com\/?post_type=product&#038;p=48671"},"modified":"2025-06-02T15:02:49","modified_gmt":"2025-06-02T13:02:49","slug":"base-de-lait-juan","status":"publish","type":"product","link":"https:\/\/hyllancompany.com\/index.php\/produit\/base-de-lait-juan\/","title":{"rendered":"Base de lait JUAN"},"content":{"rendered":"<p>Conditionnement : 300g<\/p>\n<p>Description : Tr\u00e8s doux, hypoallerg\u00e9nique, enrichit \u00e0 l&#8217;huile d&#8217;argan<\/p>\n<p>Composition : paraffine, huile v\u00e9g\u00e9tale, alcool c\u00e9thylique, acide palmitique, acide ascorbique, cire d&#8217;abeille, acide citrique, PP, MP<\/p>\n<p>Prix : 2 500 FCFA<\/p>\n","protected":false},"excerpt":{"rendered":"<p>Conditionnement : 300g Description : Tr\u00e8s doux, hypoallerg\u00e9nique, enrichit \u00e0 l&#8217;huile d&#8217;argan Composition : paraffine, huile v\u00e9g\u00e9tale, alcool c\u00e9thylique, acide palmitique, acide ascorbique, cire d&#8217;abeille, acide citrique, PP, MP Prix : 2 500 FCFA<\/p>\n","protected":false},"featured_media":48672,"comment_status":"open","ping_status":"closed","template":"","meta":[],"product_brand":[],"product_cat":[165,170],"product_tag":[],"class_list":{"0":"post-48671","1":"product","2":"type-product","3":"status-publish","4":"has-post-thumbnail","6":"product_cat-produits-pour-visage","7":"product_cat-soins-hydratant","10":"first","11":"instock","12":"shipping-taxable","13":"purchasable","14":"product-type-simple"},"_links":{"self":[{"href":"https:\/\/hyllancompany.com\/index.php\/wp-json\/wp\/v2\/product\/48671","targetHints":{"allow":["GET"]}}],"collection":[{"href":"https:\/\/hyllancompany.com\/index.php\/wp-json\/wp\/v2\/product"}],"about":[{"href":"https:\/\/hyllancompany.com\/index.php\/wp-json\/wp\/v2\/types\/product"}],"replies":[{"embeddable":true,"href":"https:\/\/hyllancompany.com\/index.php\/wp-json\/wp\/v2\/comments?post=48671"}],"version-history":[{"count":1,"href":"https:\/\/hyllancompany.com\/index.php\/wp-json\/wp\/v2\/product\/48671\/revisions"}],"predecessor-version":[{"id":48673,"href":"https:\/\/hyllancompany.com\/index.php\/wp-json\/wp\/v2\/product\/48671\/revisions\/48673"}],"wp:featuredmedia":[{"embeddable":true,"href":"https:\/\/hyllancompany.com\/index.php\/wp-json\/wp\/v2\/media\/48672"}],"wp:attachment":[{"href":"https:\/\/hyllancompany.com\/index.php\/wp-json\/wp\/v2\/media?parent=48671"}],"wp:term":[{"taxonomy":"product_brand","embeddable":true,"href":"https:\/\/hyllancompany.com\/index.php\/wp-json\/wp\/v2\/product_brand?post=48671"},{"taxonomy":"product_cat","embeddable":true,"href":"https:\/\/hyllancompany.com\/index.php\/wp-json\/wp\/v2\/product_cat?post=48671"},{"taxonomy":"product_tag","embeddable":true,"href":"https:\/\/hyllancompany.com\/index.php\/wp-json\/wp\/v2\/product_tag?post=48671"}],"curies":[{"name":"wp","href":"https:\/\/api.w.org\/{rel}","templated":true}]}}